 + u + 0*o - 1/6*o**3. What is d(-1)?
9
Let q be (-1)/4 + 220/(-16). Let b = q + 21. Let z(j) = -2*j + 5. Calculate z(b).
-9
Let a be 4/(-2*1) + 5. Let y(i) = -i**3 + 6*i + 3*i**2 - 9*i + 2 + 3*i. Give y(a).
2
Suppose n = 2*n + 4. Let h(s) be the second derivative of -s**5/60 - s**4/4 - s**2/2 + 4*s. Let k(u) be the first derivative of h(u). Calculate k(n).
8
Let g(o) = -3*o**2 - 3*o. Let n = 3 + -5. Determine g(n).
-6
Let d(a) be the first derivative of a**3/3 + a**2/2 - 4*a - 4. Let u be d(0). Let o(v) = 2*v - 3. Calculate o(u).
-11
Let b(f) = f**2 + f + 1. Let x(n) = 10*n**2 + 5*n + 7. Let u(t) = 6*b(t) - x(t). What is u(1)?
-4
Let d be 5/10 + 2/(-4). Let r(v) be the third derivative of -1/12*v**4 - 1/120*v**6 + 1/60*v**5 + 1/6*v**3 + v**2 + 0 + d*v. What is r(2)?
-7
Let r(c) = c - 1. Suppose 4*b = 6*b - 4. Let f be b + (0 + 2 - 2). Suppose -f*w + 3 = -w. What is r(w)?
2
Let u be ((-2)/4)/((-1)/(-2)). Let g(j) = 5*j**3 - j - 1. Let p be g(u). Let m(h) be the second derivative of -h**4/12 - h**3/3 + 3*h**2 + 2*h. Calculate m(p).
-9
Let m(l) = l**2 + 7*l + 2. Let k = -54 + 48. Determine m(k).
-4
Let m be ((-12)/6)/(24/9 + -2). Let z(t) = -t**3 - 3*t**2 - 2*t + 4. What is z(m)?
10
Let d(s) = s**3 + 7*s**2 + 6*s - 3. Suppose 5*h - f = -14 - 11, -2*h - 5*f = 37. Determine d(h).
-3
Suppose 6*h - 3*h = -21. Let y = h + 6. Let a(x) = 5*x**3 - 2*x**2 - x. Calculate a(y).
-6
Let b(i) be the second derivative of i**5/20 - 7*i**4/12 + 5*i**3/3 - 4*i**2 - 2*i. Suppose -12 = -8*t + 6*t. Calculate b(t).
16
Let c be (-8)/40*(-3)/72. Let j(u) be the third derivative of -1/60*u**5 + 3*u**2 - c*u**6 + 0 + 1/2*u**3 + 0*u + 1/12*u**4. Give j(-2).
3
Let v(y) = 3*y + 3*y + 3*y - 4 + 3. What is v(1)?
8
Let r(s) = -5*s**2 - 6*s - 2. Let q(o) = o**2. Let y(p) = 4*q(p) + r(p). What is y(-5)?
3
Suppose -5*c + 1 + 6 = -4*k, 0 = 4*k + 4*c + 16. Let h(u) be the third derivative of -u**6/120 - u**5/30 + u**4/12 + u**3/6 + 2*u**2 - 45*u. Give h(k).
4
Suppose 0 = -2*d - 3*l + 19, -3*d - 6*l = -3*l - 21. Let h(j) = -j**2 + j + 2. Give h(d).
0
Suppose -10 = 5*v - 3*v. Let h(m) = 2*m + 4. Let s be h(v). Let f(y) = -y**2 - 5*y - 8. Determine f(s).
-14
Let n(d) = d**3 - 4*d**2 + 4*d - 2. Let o be n(2). Let y(h) be the third derivative of -h**2 - 1/12*h**4 + 0*h + 0 - 1/6*h**3. Calculate y(o).
3
Let f(v) be the first derivative of -7/3*v**3 - 5/2*v**2 + 6*v - 1/4*v**4 - 10. Give f(-6).
0
Suppose 3*m = 2*g + 3, -g + 2 - 5 = 0. Let i(k) = 5*k. Determine i(m).
-5
Let r(n) = 10*n**3 + 2*n**2 - 1. Let l(a) = a**3 - a**2 + a. Let h(b) = -l(b) - r(b). Calculate h(1).
-12
Let f(h) = 11*h**2 + 27*h + 11. Let s(t) = -5*t**2 - 13*t - 5. Suppose o + 12 = 3*o. Let g(w) = o*f(w) + 13*s(w). What is g(6)?
-5
Let i(o) be the first derivative of o**3/3 - 3*o**2/2 + 4*o - 3. Give i(3).
4
Let d(l) = 3*l + 3. Let u(a) = -2*a**3 + a**2 - a. Let o be u(1). Give d(o).
-3
Let z(m) be the third derivative of m**5/60 - 3*m**4/8 + 2*m**3/3 - 2*m**2. Let j be z(9). Let w(y) = 3*y + j - 2*y - 2*y. Determine w(4).
0
Let x(f) = -13 + f**2 + 0 - 4 + 1. What is x(0)?
-16
Let x be 57/(-27) - (-3)/27. Let t(f) be the third derivative of f**6/120 + f**5/30 - f**4/24 - f**3/6 - f**2. Give t(x).
1
Suppose -3*c + 6*c - 15 = a, 5*a + 3*c + 3 = 0. Let k(j) = j - 1. What is k(a)?
-4
Let b(u) = -3*u**2 - 4*u - 6*u**2 - 2 + 2*u**2 + 3*u**2. What is b(-2)?
-10
Let h(v) = -v**2 + 4*v - 4. Let i(z) = -z - 6. Let c be i(-8). Suppose -l - 4 = -c*l. Determine h(l).
-4
Let h be (12/14)/(36/63). Let c(u) be the second derivative of -1/6*u**3 - h*u**2 + 0 - 2*u. What is c(-3)?
0
Let w be 1 + -2 - (3 - 1). Let n(y) be the second derivative of y**5/20 + y**4/4 + 3*y**2/2 - 2*y. Give n(w).
3
Let u(r) be the third derivative of r**6/360 + r**5/60 - r**4/24 + r**3/3 - r**2. Let z(j) be the first derivative of u(j). Let w be 3/2*(1 - 3). What is z(w)?
2
Let y(k) = -k**2 + k + 14. Let j be 0*-1*(-3)/(-6). What is y(j)?
14
Let l(w) = 0*w**2 + 3 - w + 4*w - 4*w**2 + 3*w**2. Let k be l(3). Let a(s) = -s**3 + 5*s**2 - 2*s + 1. Let o(u) = u**2 - 1. Let n(j) = a(j) - o(j). Give n(k).
5
Let s(a) = 2*a**3 - 4*a**2 + 4*a - 2. Suppose 0 = -5*j + j + 28. Let u = -5 + j. What is s(u)?
6
Suppose 26 = -4*i + 2. Let n be (-32)/(-6) - (-12)/18. Let k = i + n. Let v(d) = -d**3 - d**2 - 10. Give v(k).
-10
Suppose -13 = 3*i - 5*r, i - 3*r = -4*r + 1. Let c(q) = -11*q - 5. Let w(x) = -27*x - 12. Let z(d) = -12*c(d) + 5*w(d). Calculate z(i).
3
Let t(u) = 4*u - 5. Let b(z) = -5*z + 6. Suppose -5*w = -2*l, -5 = 4*w + 3. Let r(y) = l*b(y) - 6*t(y). Suppose -i = d - 0*i - 1, 7 = 2*d - 3*i. Calculate r(d).
2
Let a(s) = 0 + 0 - 5 + s. Determine a(5).
0
Let f = 71 - 66. Let k(i) = -6 - 4*i + 0*i + 5*i. Give k(f).
-1
Suppose -2*r = -3*f - 1, -r + 1 = -0*f - 2*f. Let y(g) = -15*g**3. Determine y(f).
15
Let h(v) = v**3 - 6*v**2 + 2*v + 3. Let t be h(6). Suppose 3 - t = 4*d. Let l(b) be the first derivative of -b**4/4 - b**3 - 3*b**2/2 - 4*b - 1. What is l(d)?
5
Let s(q) be the second derivative of -q - 1/6*q**3 + 0 + 1/2*q**4 + 0*q**2. Determine s(-1).
7
Let f(b) = -3*b - 1. Let y be f(-1). Let x = -2 - -4. Let n(l) = 0*l**3 - l + l**3 - y*l**2 - x*l**3. Determine n(-1).
0
Let z = 14 + -6. Let o(b) = -14*b**2 - 7*b + 4. Let q(x) = -9*x**2 - 5*x + 3. Let w(f) = z*q(f) - 5*o(f). What is w(-4)?
-8
Let j(q) = -q**3 + 6*q**2 - 3*q - 6. Let h(c) = c + 63. Let a be h(0). Let n be 2/(-8) - a/(-12). Suppose 3*g + 16 = 4*p + 5*g, -4*g + 17 = n*p. What is j(p)?
4
Let x(w) = 4*w**3 - 7*w**2 - 7*w - 2. Let n(t) = 2*t**3 - 4*t**2 - 4*t - 1. Let r(k) = -7*n(k) + 4*x(k). Give r(-1).
-3
Let p(g) = 2*g - 6. Suppose 0 = -d, -5*v - d = d - 25. Give p(v).
4
Let z(a) = a**2 + 7*a - 7. Let b = -37 - -29. Give z(b).
1
Let h(r) be the third derivative of r**7/840 + r**6/90 - 5*r**4/24 - r**3/6 + 2*r**2. Let u(y) be the first derivative of h(y). Determine u(-4).
-5
Let v(h) = 2*h - 3*h**3 - 4*h**3 + 6*h**3 + 7 - 5*h**2. Determine v(-5).
-3
Let s be ((-56)/(-7))/(-2*1). Let v(w) = 3*w + 6. Let i(r) = r + 1. Let l(j) = i(j) - v(j). What is l(s)?
3
Let x be 5/(-10)*-4*2/12. Let s(o) be the second derivative of -3*o + 1/20*o**5 - x*o**3 - o**2 + 1/6*o**4 + 0. Determine s(-2).
2
Let o(y) = -2*y**3 + y**2 - y - 1. Let h(j) = -j**2 - 4*j - 4. Let g be h(-3). Determine o(g).
3
Let q(k) = 4*k**2 + k + 1. Let h(b) = -17*b**2 - 5*b - 5. Let m(w) = 2*h(w) + 9*q(w). Let t(a) = a + 2. Suppose 3*x = -x. Let s be t(x). Determine m(s).
5
Suppose 2*s - 10 = 3*j - 2*s, -2 = j - 2*s. Let v(d) = d**2 + 5*d - 3. Calculate v(j).
3
Let f(b) be the second derivative of b**7/840 - b**6/120 - b**5/120 - b**4/12 - b**3/6 - b. Let m(y) be the second derivative of f(y). Give m(4).
10
Let n(t) = -4*t**2 + 2*t. Let i(z) = -4*z**2 + 2*z - 1. Let o = -10 - -7. Let d(r) = o*n(r) + 2*i(r). What is d(2)?
10
Let w(i) be the third derivative of -i**4/24 + i**2. Let h be w(0). Suppose 3*g + h*g - 12 = 0. Let j(t) = -t**2 + 4*t + 2. Give j(g).
2
Let c be 14/2 - ((-8 - -2) + 8). Let f(g) be the first derivative of g**3/3 - 5*g**2/2 + 6*g + 1. Calculate f(c).
6
Let j be (0 - 3/(-3)) + 7. Suppose j*f + 10 = 6*f. Let v(k) = 2*k**2 + 2*k**2 - 4*k - 5*k**2 + 1. What is v(f)?
-4
Let b(j) be the third derivative of j**6/120 + j**5/10 + 5*j**4/24 - 2*j**3/3 - 2*j**2. Let a = -7 - -12. Suppose -4*x + a = -5*x. Give b(x).
-4
Let r(k) = -4*k + 2. Let p be 11 + (0 - -2)/2. Let m be 16/p - 2/(-3). Give r(m).
-6
Let y(i) = -i + 5. Let c(u) = 6*u + 26. Let h be c(-5). What is y(h)?
9
Let s(l) = l**3 + 3*l**2 - 2*l - 2. Suppose -2*n - 14 = -a, 3*a + n - 2 - 5 = 0. Suppose 2*f = -a - 0. Calculate s(f).
6
Let r(k) = -k**3 - 4*k**2 + 2. Let z = 6 - 9. Give r(z).
-7
Let g be (-1)/(68/32 - 2). Let l(q) = q + 3. Determine l(g).
-5
Suppose -5*p - 10 = 3*j, p - 6*p - 2*j = 15. Let m = -2 - p. Let t(c) = -2*c**2 + 3*c + 4. Determine t(m).
-5
Let j(t) = 5*t - 3. Let i be j(1). Let p(w) = -1 - 8*w**2 - 11*w**2 + w**3 - 2 + 12*w**i. What is p(7)?
-3
Suppose -7 = -2*s - 3. Let v(l) be the first derivative of 3 - 4*l + 1/3*l**3 - l**s. What is v(4)?
4
Suppose 0 = -0*m + 5*m - 10. Let n(j) = 2*j**2 - 3*j + 2. Calculate n(m).
4
Let k(g) = 4*g - 19. Let v(a) = -3*a + 18. Let n(u) = 4*k(u) + 5*v(u). Give n(0).
14
Let t(f) = f + 6. Let d be t(-3). Let h(z) = -2*z**2